{"id":35606,"date":"2024-09-01T09:24:11","date_gmt":"2024-09-01T08:24:11","guid":{"rendered":"http:\/\/www.allview.ch\/cms\/?page_id=35606"},"modified":"2024-11-06T15:32:20","modified_gmt":"2024-11-06T14:32:20","slug":"home-2","status":"publish","type":"page","link":"https:\/\/www.allview.ch\/cms\/","title":{"rendered":"Home"},"content":{"rendered":"<div class=\"wpb-content-wrapper\"><p>[vc_row][vc_column width=&#8220;1\/2&#8243;][vc_single_image image=&#8220;38222&#8243; img_size=&#8220;large&#8220; alignment=&#8220;center&#8220; css=&#8220;&#8220;][vc_separator color=&#8220;black&#8220;][vc_column_text css_animation=&#8220;fadeIn&#8220; css=&#8220;&#8220;]<\/p>\n<h2>Einbruchschutz<\/h2>\n<p>Wir alle verdr\u00e4ngen den Gedanken an Einbruch oder \u00dcberfall und wiegen uns oft in tr\u00fcgerischer Sicherheit.<br \/>\nWir sch\u00fctzen Ihr Eigentum.<\/p>\n<p>Das <strong>Alarmsystem<\/strong> (Jablotron 100+) schreckt Einbrecher effektiv ab und ruft bei Notwendigkeit Hilfe herbei.<br \/>\nDie Jablotron 100+ ist eine hybride Alarmanlage. Sie eignet sich f\u00fcr die Nachr\u00fcstung so auch f\u00fcr den Neubau.<\/p>\n<p>\u00dcberlassen Sie den Schutz vor Raub und Vandalismus nicht dem Zufall.<\/p>\n<p>&nbsp;<\/p>\n<h2>Video\u00fcberwachung<\/h2>\n<p>Mit einer <strong>Video\u00fcberwachung<\/strong>\u00a0behalten Sie den \u00dcberblick Ihres Eigentums in Echtzeit.<br \/>\nDie Videodaten werden bei Ihnen auf ein NVR aufgezeichnet. Mittels APP oder Webzugriff k\u00f6nnen Sie die Livevideos oder Aufnahmen abrufen.<br \/>\nWir bieten Systeme verschiedenster Hersteller: Dahua und weitere wie Mobotix, AXIS, HIKVISION. Je nach Bedarf stellen wir ein System optimiert auf Ihren Bedarf zusammen.[\/vc_column_text][vc_empty_space][\/vc_column][vc_column width=&#8220;1\/2&#8243;][vc_single_image image=&#8220;38223&#8243; img_size=&#8220;large&#8220; alignment=&#8220;center&#8220; onclick=&#8220;custom_link&#8220; img_link_target=&#8220;_blank&#8220; css=&#8220;&#8220; link=&#8220;https:\/\/maehshop.ch\/&#8220;][vc_separator color=&#8220;black&#8220;][vc_column_text css_animation=&#8220;fadeIn&#8220; css=&#8220;&#8220;]<\/p>\n<h2>Backup<\/h2>\n<p>Sind Ihre Daten sicher? Speziell f\u00fcr kleine Unternehmen und Privatanwender\u00a0haben wir L\u00f6sungen bereit.<br \/>\nErstellen Sie regelm\u00e4ssig Backups Ihrer Daten auf eine NAS oder auch in die Cloud. So bleibt Ihnen ein Datenverlust erspart.<\/p>\n<p>&nbsp;<\/p>\n<h2>Antivirus<\/h2>\n<p>Sch\u00fctzen Sie Ihre IT Infrastruktur auch gegen Virenbefall.<\/p>\n<p>Immer einen Vorsprung mit ESET PROTECT<br \/>\nSch\u00fctzen Sie Ihr Unternehmen effektiv vor Ransomware, Phishing, Zero-Day-Angriffen und gezielten Attacken.<br \/>\nEntdecken Sie flexible IT-Sicherheitsl\u00f6sungen, die sich an Ihre individuellen Bed\u00fcrfnisse anpassen und dabei das System nur minimal belasten. Selbst unbekannte Bedrohungen werden zuverl\u00e4ssig erkannt und neutralisiert, sodass Ihr Gesch\u00e4ft reibungslos und sicher l\u00e4uft. Zudem punkten die L\u00f6sungen durch ihre einfache Implementierung und unkomplizierte Verwaltung.<\/p>\n<p>Wir beraten Sie gerne und installieren auf Wunsch s\u00e4mtliche Software.[\/vc_column_text][vc_empty_space][\/vc_column][\/vc_row][vc_row][vc_column width=&#8220;1\/4&#8243;][vc_single_image image=&#8220;35715&#8243; img_size=&#8220;thumb&#8220; alignment=&#8220;center&#8220;][\/vc_column][vc_column width=&#8220;1\/4&#8243;][vc_single_image image=&#8220;35952&#8243; img_size=&#8220;thumb&#8220; alignment=&#8220;center&#8220;][\/vc_column][vc_column width=&#8220;1\/4&#8243;][vc_single_image image=&#8220;36051&#8243; img_size=&#8220;thumb&#8220; alignment=&#8220;center&#8220;][\/vc_column][vc_column width=&#8220;1\/4&#8243;][vc_single_image image=&#8220;38017&#8243; img_size=&#8220;thumb&#8220; alignment=&#8220;center&#8220; css=&#8220;&#8220;][\/vc_column][\/vc_row][vc_row][vc_column][vc_empty_space][vc_column_text]<\/p>\n<h2>Ihre Sicherheit &#8211; allview gmbh<\/h2>\n<p>Wir sorgen f\u00fcr Ihre Sicherheit. Als Spezialist f\u00fcr Sicherheitstechnik beraten wir Sie bei der Anschaffung eines Sicherheitssystems.<br \/>\nRufen Sie uns an und vereinbaren mit uns einen Termin. Wir besuchen Sie gerne vor Ort oder kommen Sie bei uns vorbei.<\/p>\n<p>Sie erreichen uns unter Tel.: 041 241 10 20[\/vc_column_text][vc_empty_space][\/vc_column][\/vc_row]<\/p>\n<\/div>","protected":false},"excerpt":{"rendered":"<p>[vc_row][vc_column width=&#8220;1\/2&#8243;][vc_single_image image=&#8220;38222&#8243; img_size=&#8220;large&#8220; alignment=&#8220;center&#8220; css=&#8220;&#8220;][vc_separator color=&#8220;black&#8220;][vc_column_text css_animation=&#8220;fadeIn&#8220; css=&#8220;&#8220;] Einbruchschutz Wir alle verdr\u00e4ngen den Gedanken an Einbruch oder \u00dcberfall und wiegen uns oft in tr\u00fcgerischer Sicherheit. Wir sch\u00fctzen Ihr Eigentum. Das Alarmsystem (Jablotron 100+) schreckt Einbrecher effektiv ab und ruft bei Notwendigkeit Hilfe herbei. Die Jablotron 100+ ist eine hybride Alarmanlage. Sie eignet sich f\u00fcr&hellip;<\/p>\n","protected":false},"author":3,"featured_media":0,"parent":0,"menu_order":0,"comment_status":"closed","ping_status":"closed","template":"","meta":{"footnotes":""},"class_list":["post-35606","page","type-page","status-publish","hentry","description-off"],"_links":{"self":[{"href":"https:\/\/www.allview.ch\/cms\/index.php?rest_route=\/wp\/v2\/pages\/35606","targetHints":{"allow":["GET"]}}],"collection":[{"href":"https:\/\/www.allview.ch\/cms\/index.php?rest_route=\/wp\/v2\/pages"}],"about":[{"href":"https:\/\/www.allview.ch\/cms\/index.php?rest_route=\/wp\/v2\/types\/page"}],"author":[{"embeddable":true,"href":"https:\/\/www.allview.ch\/cms\/index.php?rest_route=\/wp\/v2\/users\/3"}],"replies":[{"embeddable":true,"href":"https:\/\/www.allview.ch\/cms\/index.php?rest_route=%2Fwp%2Fv2%2Fcomments&post=35606"}],"version-history":[{"count":28,"href":"https:\/\/www.allview.ch\/cms\/index.php?rest_route=\/wp\/v2\/pages\/35606\/revisions"}],"predecessor-version":[{"id":38224,"href":"https:\/\/www.allview.ch\/cms\/index.php?rest_route=\/wp\/v2\/pages\/35606\/revisions\/38224"}],"wp:attachment":[{"href":"https:\/\/www.allview.ch\/cms\/index.php?rest_route=%2Fwp%2Fv2%2Fmedia&parent=35606"}],"curies":[{"name":"wp","href":"https:\/\/api.w.org\/{rel}","templated":true}]}}